{"id":53,"date":"2021-10-19T08:30:00","date_gmt":"2021-10-19T08:30:00","guid":{"rendered":"https:\/\/www.pohjois-suomenensiapukoulutusoy.fi\/?page_id=53"},"modified":"2021-10-22T08:52:35","modified_gmt":"2021-10-22T08:52:35","slug":"esittely","status":"publish","type":"page","link":"https:\/\/www.pohjois-suomenensiapukoulutusoy.fi\/index.php\/esittely\/","title":{"rendered":"Esittely"},"content":{"rendered":"\t\t<div data-elementor-type=\"wp-page\" data-elementor-id=\"53\" class=\"elementor elementor-53\" data-elementor-settings=\"[]\">\n\t\t\t\t\t\t\t<div class=\"elementor-section-wrap\">\n\t\t\t\t\t\t\t<section class=\"elementor-section elementor-top-section elementor-element elementor-element-760a6310 elementor-section-boxed elementor-section-height-default elementor-section-height-default\" data-id=\"760a6310\" data-element_type=\"section\" data-settings=\"{&quot;background_background&quot;:&quot;classic&quot;}\">\n\t\t\t\t\t\t\t<div class=\"elementor-background-overlay\"><\/div>\n\t\t\t\t\t\t\t<div class=\"elementor-container elementor-column-gap-default\">\n\t\t\t\t\t<div class=\"elementor-column elementor-col-100 elementor-top-column elementor-element elementor-element-26f61b73\" data-id=\"26f61b73\" data-element_type=\"column\">\n\t\t\t<div class=\"elementor-widget-wrap elementor-element-populated\">\n\t\t\t\t\t\t\t\t<div class=\"elementor-element elementor-element-d7dcb8e elementor-widget elementor-widget-heading\" data-id=\"d7dcb8e\" data-element_type=\"widget\" data-widget_type=\"heading.default\">\n\t\t\t\t<div class=\"elementor-widget-container\">\n\t\t\t<h2 class=\"elementor-heading-title elementor-size-default\">Esittely<\/h2>\t\t<\/div>\n\t\t\t\t<\/div>\n\t\t\t\t\t<\/div>\n\t\t<\/div>\n\t\t\t\t\t\t\t<\/div>\n\t\t<\/section>\n\t\t\t\t<section class=\"elementor-section elementor-top-section elementor-element elementor-element-5b3356f9 elementor-section-boxed elementor-section-height-default elementor-section-height-default\" data-id=\"5b3356f9\" data-element_type=\"section\">\n\t\t\t\t\t\t<div class=\"elementor-container elementor-column-gap-default\">\n\t\t\t\t\t<div class=\"elementor-column elementor-col-100 elementor-top-column elementor-element elementor-element-207d765f\" data-id=\"207d765f\" data-element_type=\"column\">\n\t\t\t<div class=\"elementor-widget-wrap elementor-element-populated\">\n\t\t\t\t\t\t\t\t<section class=\"elementor-section elementor-inner-section elementor-element elementor-element-15ea2aa elementor-section-boxed elementor-section-height-default elementor-section-height-default\" data-id=\"15ea2aa\" data-element_type=\"section\">\n\t\t\t\t\t\t<div class=\"elementor-container elementor-column-gap-default\">\n\t\t\t\t\t<div class=\"elementor-column elementor-col-50 elementor-inner-column elementor-element elementor-element-23e7da2\" data-id=\"23e7da2\" data-element_type=\"column\">\n\t\t\t<div class=\"elementor-widget-wrap elementor-element-populated\">\n\t\t\t\t\t\t\t\t<div class=\"elementor-element elementor-element-c589410 elementor-widget elementor-widget-image\" data-id=\"c589410\" data-element_type=\"widget\" data-widget_type=\"image.default\">\n\t\t\t\t<div class=\"elementor-widget-container\">\n\t\t\t\t\t\t\t\t\t\t\t\t\t\t\t<img width=\"729\" height=\"1024\" src=\"https:\/\/www.pohjois-suomenensiapukoulutusoy.fi\/wp-content\/uploads\/2021\/10\/2-1-729x1024.jpg\" class=\"attachment-large size-large\" alt=\"\" loading=\"lazy\" srcset=\"https:\/\/www.pohjois-suomenensiapukoulutusoy.fi\/wp-content\/uploads\/2021\/10\/2-1-729x1024.jpg 729w, https:\/\/www.pohjois-suomenensiapukoulutusoy.fi\/wp-content\/uploads\/2021\/10\/2-1-214x300.jpg 214w, https:\/\/www.pohjois-suomenensiapukoulutusoy.fi\/wp-content\/uploads\/2021\/10\/2-1-768x1078.jpg 768w, https:\/\/www.pohjois-suomenensiapukoulutusoy.fi\/wp-content\/uploads\/2021\/10\/2-1.jpg 916w\" sizes=\"(max-width: 729px) 100vw, 729px\" \/>\t\t\t\t\t\t\t\t\t\t\t\t\t\t\t<\/div>\n\t\t\t\t<\/div>\n\t\t\t\t\t<\/div>\n\t\t<\/div>\n\t\t\t\t<div class=\"elementor-column elementor-col-50 elementor-inner-column elementor-element elementor-element-8780a96\" data-id=\"8780a96\" data-element_type=\"column\">\n\t\t\t<div class=\"elementor-widget-wrap elementor-element-populated\">\n\t\t\t\t\t\t\t\t<div class=\"elementor-element elementor-element-61349cb1 elementor-widget elementor-widget-heading\" data-id=\"61349cb1\" data-element_type=\"widget\" data-widget_type=\"heading.default\">\n\t\t\t\t<div class=\"elementor-widget-container\">\n\t\t\t<h2 class=\"elementor-heading-title elementor-size-default\">\u00a0Erkki Udd<\/h2>\t\t<\/div>\n\t\t\t\t<\/div>\n\t\t\t\t<div class=\"elementor-element elementor-element-2ccc500e elementor-widget elementor-widget-text-editor\" data-id=\"2ccc500e\" data-element_type=\"widget\" data-widget_type=\"text-editor.default\">\n\t\t\t\t<div class=\"elementor-widget-container\">\n\t\t\t\t\t\t\t<ul><li>L\u00e4hihoitaja OSAO vuonna 2010 suuntautuminen ensihoito.<\/li><li>Sairaanhoitaja AMK -2015 Lapin AMK-Rovaniemi<\/li><li>Ensihoitaja AMK-2016 Oulun AMK<\/li><li>Ensihoidon johtamisen opinnot 2017AMK- Arcada, Helsinki<\/li><li>ETK-kouluttaja (Ensiavun- ja terveystiedon kouluttaja)<\/li><li>Ty\u00f6turvallisuuskortin kurssinjohtaja<\/li><li>Sosiaali- ja terveysalan turvakortti kouluttaja<\/li><li>Oulu-Koillismaan pelastuslaitoksella hoitotason ensihoitaja.<\/li><li>Sivutoiminen yritt\u00e4j\u00e4<\/li><li>Opiskelua yht\u00e4jaksoisesti 7,5 vuotta.<\/li><\/ul>\t\t\t\t\t\t<\/div>\n\t\t\t\t<\/div>\n\t\t\t\t<div class=\"elementor-element elementor-element-2ee8da31 elementor-widget elementor-widget-button\" data-id=\"2ee8da31\" data-element_type=\"widget\" data-widget_type=\"button.default\">\n\t\t\t\t<div class=\"elementor-widget-container\">\n\t\t\t\t\t<div class=\"elementor-button-wrapper\">\n\t\t\t<a href=\"https:\/\/www.pohjois-suomenensiapukoulutusoy.fi\/index.php\/yhteystiedot\/\" class=\"elementor-button-link elementor-button elementor-size-sm\" role=\"button\">\n\t\t\t\t\t\t<span class=\"elementor-button-content-wrapper\">\n\t\t\t\t\t\t<span class=\"elementor-button-text\">Ota yhteytt\u00e4<\/span>\n\t\t<\/span>\n\t\t\t\t\t<\/a>\n\t\t<\/div>\n\t\t\t\t<\/div>\n\t\t\t\t<\/div>\n\t\t\t\t\t<\/div>\n\t\t<\/div>\n\t\t\t\t\t\t\t<\/div>\n\t\t<\/section>\n\t\t\t\t\t<\/div>\n\t\t<\/div>\n\t\t\t\t\t\t\t<\/div>\n\t\t<\/section>\n\t\t\t\t\t\t<\/div>\n\t\t\t\t\t<\/div>\n\t\t","protected":false},"excerpt":{"rendered":"<p>Esittely \u00a0Erkki Udd L\u00e4hihoitaja OSAO vuonna 2010 suuntautuminen ensihoito. Sairaanhoitaja AMK -2015 Lapin AMK-Rovaniemi Ensihoitaja AMK-2016 Oulun AMK Ensihoidon johtamisen opinnot 2017AMK- Arcada, Helsinki ETK-kouluttaja (Ensiavun- ja terveystiedon kouluttaja) Ty\u00f6turvallisuuskortin kurssinjohtaja Sosiaali- ja terveysalan turvakortti kouluttaja Oulu-Koillismaan pelastuslaitoksella hoitotason ensihoitaja. Sivutoiminen yritt\u00e4j\u00e4 Opiskelua yht\u00e4jaksoisesti 7,5 vuotta. Ota yhteytt\u00e4<\/p>\n","protected":false},"author":1,"featured_media":0,"parent":0,"menu_order":0,"comment_status":"closed","ping_status":"closed","template":"elementor_header_footer","meta":[],"_links":{"self":[{"href":"https:\/\/www.pohjois-suomenensiapukoulutusoy.fi\/index.php\/wp-json\/wp\/v2\/pages\/53"}],"collection":[{"href":"https:\/\/www.pohjois-suomenensiapukoulutusoy.fi\/index.php\/wp-json\/wp\/v2\/pages"}],"about":[{"href":"https:\/\/www.pohjois-suomenensiapukoulutusoy.fi\/index.php\/wp-json\/wp\/v2\/types\/page"}],"author":[{"embeddable":true,"href":"https:\/\/www.pohjois-suomenensiapukoulutusoy.fi\/index.php\/wp-json\/wp\/v2\/users\/1"}],"replies":[{"embeddable":true,"href":"https:\/\/www.pohjois-suomenensiapukoulutusoy.fi\/index.php\/wp-json\/wp\/v2\/comments?post=53"}],"version-history":[{"count":23,"href":"https:\/\/www.pohjois-suomenensiapukoulutusoy.fi\/index.php\/wp-json\/wp\/v2\/pages\/53\/revisions"}],"predecessor-version":[{"id":271,"href":"https:\/\/www.pohjois-suomenensiapukoulutusoy.fi\/index.php\/wp-json\/wp\/v2\/pages\/53\/revisions\/271"}],"wp:attachment":[{"href":"https:\/\/www.pohjois-suomenensiapukoulutusoy.fi\/index.php\/wp-json\/wp\/v2\/media?parent=53"}],"curies":[{"name":"wp","href":"https:\/\/api.w.org\/{rel}","templated":true}]}}