{"id":51,"date":"2021-10-16T05:44:00","date_gmt":"2021-10-16T05:44:00","guid":{"rendered":"https:\/\/www.pohjois-suomenensiapukoulutusoy.fi\/?page_id=51"},"modified":"2021-10-21T08:39:24","modified_gmt":"2021-10-21T08:39:24","slug":"koulutukset","status":"publish","type":"page","link":"https:\/\/www.pohjois-suomenensiapukoulutusoy.fi\/index.php\/koulutukset\/","title":{"rendered":"Koulutukset"},"content":{"rendered":"\t\t<div data-elementor-type=\"wp-page\" data-elementor-id=\"51\" class=\"elementor elementor-51\" data-elementor-settings=\"[]\">\n\t\t\t\t\t\t\t<div class=\"elementor-section-wrap\">\n\t\t\t\t\t\t\t<section class=\"elementor-section elementor-top-section elementor-element elementor-element-760a6310 elementor-section-boxed elementor-section-height-default elementor-section-height-default\" data-id=\"760a6310\" data-element_type=\"section\" data-settings=\"{&quot;background_background&quot;:&quot;classic&quot;}\">\n\t\t\t\t\t\t\t<div class=\"elementor-background-overlay\"><\/div>\n\t\t\t\t\t\t\t<div class=\"elementor-container elementor-column-gap-default\">\n\t\t\t\t\t<div class=\"elementor-column elementor-col-100 elementor-top-column elementor-element elementor-element-26f61b73\" data-id=\"26f61b73\" data-element_type=\"column\">\n\t\t\t<div class=\"elementor-widget-wrap elementor-element-populated\">\n\t\t\t\t\t\t\t\t<div class=\"elementor-element elementor-element-d7dcb8e elementor-widget elementor-widget-heading\" data-id=\"d7dcb8e\" data-element_type=\"widget\" data-widget_type=\"heading.default\">\n\t\t\t\t<div class=\"elementor-widget-container\">\n\t\t\t<h2 class=\"elementor-heading-title elementor-size-default\">Koulutukset<\/h2>\t\t<\/div>\n\t\t\t\t<\/div>\n\t\t\t\t\t<\/div>\n\t\t<\/div>\n\t\t\t\t\t\t\t<\/div>\n\t\t<\/section>\n\t\t\t\t<section class=\"elementor-section elementor-top-section elementor-element elementor-element-5b3356f9 elementor-section-boxed elementor-section-height-default elementor-section-height-default\" data-id=\"5b3356f9\" data-element_type=\"section\">\n\t\t\t\t\t\t<div class=\"elementor-container elementor-column-gap-default\">\n\t\t\t\t\t<div class=\"elementor-column elementor-col-100 elementor-top-column elementor-element elementor-element-207d765f\" data-id=\"207d765f\" data-element_type=\"column\">\n\t\t\t<div class=\"elementor-widget-wrap elementor-element-populated\">\n\t\t\t\t\t\t\t\t<section class=\"elementor-section elementor-inner-section elementor-element elementor-element-68e72805 elementor-section-boxed elementor-section-height-default elementor-section-height-default\" data-id=\"68e72805\" data-element_type=\"section\">\n\t\t\t\t\t\t<div class=\"elementor-container elementor-column-gap-default\">\n\t\t\t\t\t<div class=\"elementor-column elementor-col-100 elementor-inner-column elementor-element elementor-element-11c17bef\" data-id=\"11c17bef\" data-element_type=\"column\">\n\t\t\t<div class=\"elementor-widget-wrap elementor-element-populated\">\n\t\t\t\t\t\t\t\t<div class=\"elementor-element elementor-element-2404aae elementor-widget elementor-widget-heading\" data-id=\"2404aae\" data-element_type=\"widget\" data-widget_type=\"heading.default\">\n\t\t\t\t<div class=\"elementor-widget-container\">\n\t\t\t<h2 class=\"elementor-heading-title elementor-size-default\">Ensiapukoulutus antaa jokaiselle kansalaiselle v\u00e4ltt\u00e4m\u00e4tt\u00f6m\u00e4t ensiaputaidot el\u00e4m\u00e4n varrella vastaantulevissa kriisitilanteissa. Osaatko sin\u00e4 auttaa?<\/h2>\t\t<\/div>\n\t\t\t\t<\/div>\n\t\t\t\t<div class=\"elementor-element elementor-element-2ccc500e elementor-widget elementor-widget-text-editor\" data-id=\"2ccc500e\" data-element_type=\"widget\" data-widget_type=\"text-editor.default\">\n\t\t\t\t<div class=\"elementor-widget-container\">\n\t\t\t\t\t\t\t<p><strong>Tervetuloa oppimaan!<\/strong><\/p><p>Ensiapukurssit Pohjois-Suomen alueelle.<\/p><p>Tarjoamme laadukkaita ensiapu-, sosterturvakortti- ja ty\u00f6turvallisuuskorttikoulutuksia.<\/p>\t\t\t\t\t\t<\/div>\n\t\t\t\t<\/div>\n\t\t\t\t<div class=\"elementor-element elementor-element-d82bd74 elementor-widget elementor-widget-heading\" data-id=\"d82bd74\" data-element_type=\"widget\" data-widget_type=\"heading.default\">\n\t\t\t\t<div class=\"elementor-widget-container\">\n\t\t\t<h2 class=\"elementor-heading-title elementor-size-default\">Kyll\u00e4stytt\u00e4\u00e4k\u00f6 uusia ensiapukortti oppimatta mit\u00e4\u00e4n uutta? Tuntuuko sinusta, ett\u00e4 ensiapukurssin j\u00e4lkeen et olisi viel\u00e4 valmis auttamaan h\u00e4t\u00e4tilanteessa? Pohjois-Suomen Ensiapukoulutus Oy tarjoaa koulutuksia pitk\u00e4ll\u00e4 kokemuksella ja vankalla ammattitaidolla.<\/h2>\t\t<\/div>\n\t\t\t\t<\/div>\n\t\t\t\t<div class=\"elementor-element elementor-element-edf3d12 elementor-widget elementor-widget-text-editor\" data-id=\"edf3d12\" data-element_type=\"widget\" data-widget_type=\"text-editor.default\">\n\t\t\t\t<div class=\"elementor-widget-container\">\n\t\t\t\t\t\t\t<p>P\u00e4\u00e4painomme koulutuksissa on auttaa ihmisi\u00e4 auttamaan.<\/p><p><strong>Ensiapukurssit<\/strong><\/p><p>Ensiavun peruskurssi, Ensiapu1,ensiavun jatkokurssi Ensiapu2 ja H\u00e4t\u00e4-EA -kurssit tarjoavat perustiedot ensiavusta. Kursseilta saa Ensiapu-todistuksen, joka on voimassa 3 vuotta.<\/p><p>Sosiaali- ja terveysalan turvakorttikoulutus<\/p><p>Ty\u00f6turvallisuuskorttikoulutus<\/p>\t\t\t\t\t\t<\/div>\n\t\t\t\t<\/div>\n\t\t\t\t<div class=\"elementor-element elementor-element-2ee8da31 elementor-widget elementor-widget-button\" data-id=\"2ee8da31\" data-element_type=\"widget\" data-widget_type=\"button.default\">\n\t\t\t\t<div class=\"elementor-widget-container\">\n\t\t\t\t\t<div class=\"elementor-button-wrapper\">\n\t\t\t<a href=\"https:\/\/www.pohjois-suomenensiapukoulutusoy.fi\/index.php\/palvelut\/\" class=\"elementor-button-link elementor-button elementor-size-sm\" role=\"button\">\n\t\t\t\t\t\t<span class=\"elementor-button-content-wrapper\">\n\t\t\t\t\t\t<span class=\"elementor-button-text\">Lue lis\u00e4\u00e4 kursseista<\/span>\n\t\t<\/span>\n\t\t\t\t\t<\/a>\n\t\t<\/div>\n\t\t\t\t<\/div>\n\t\t\t\t<\/div>\n\t\t\t\t<div class=\"elementor-element elementor-element-593a96e elementor-widget elementor-widget-button\" data-id=\"593a96e\" data-element_type=\"widget\" data-widget_type=\"button.default\">\n\t\t\t\t<div class=\"elementor-widget-container\">\n\t\t\t\t\t<div class=\"elementor-button-wrapper\">\n\t\t\t<a href=\"https:\/\/www.pohjois-suomenensiapukoulutusoy.fi\/index.php\/yhteystiedot\/\" class=\"elementor-button-link elementor-button elementor-size-sm\" role=\"button\">\n\t\t\t\t\t\t<span class=\"elementor-button-content-wrapper\">\n\t\t\t\t\t\t<span class=\"elementor-button-text\">Ota yhteytt\u00e4<\/span>\n\t\t<\/span>\n\t\t\t\t\t<\/a>\n\t\t<\/div>\n\t\t\t\t<\/div>\n\t\t\t\t<\/div>\n\t\t\t\t\t<\/div>\n\t\t<\/div>\n\t\t\t\t\t\t\t<\/div>\n\t\t<\/section>\n\t\t\t\t\t<\/div>\n\t\t<\/div>\n\t\t\t\t\t\t\t<\/div>\n\t\t<\/section>\n\t\t\t\t\t\t<\/div>\n\t\t\t\t\t<\/div>\n\t\t","protected":false},"excerpt":{"rendered":"<p>Koulutukset Ensiapukoulutus antaa jokaiselle kansalaiselle v\u00e4ltt\u00e4m\u00e4tt\u00f6m\u00e4t ensiaputaidot el\u00e4m\u00e4n varrella vastaantulevissa kriisitilanteissa. Osaatko sin\u00e4 auttaa? Tervetuloa oppimaan! Ensiapukurssit Pohjois-Suomen alueelle. Tarjoamme laadukkaita ensiapu-, sosterturvakortti- ja ty\u00f6turvallisuuskorttikoulutuksia. Kyll\u00e4stytt\u00e4\u00e4k\u00f6 uusia ensiapukortti oppimatta mit\u00e4\u00e4n uutta? Tuntuuko sinusta, ett\u00e4 ensiapukurssin j\u00e4lkeen et olisi viel\u00e4 valmis auttamaan h\u00e4t\u00e4tilanteessa? Pohjois-Suomen Ensiapukoulutus Oy tarjoaa koulutuksia pitk\u00e4ll\u00e4 kokemuksella ja vankalla ammattitaidolla. P\u00e4\u00e4painomme koulutuksissa on [&hellip;]<\/p>\n","protected":false},"author":1,"featured_media":0,"parent":0,"menu_order":0,"comment_status":"closed","ping_status":"closed","template":"elementor_header_footer","meta":[],"_links":{"self":[{"href":"https:\/\/www.pohjois-suomenensiapukoulutusoy.fi\/index.php\/wp-json\/wp\/v2\/pages\/51"}],"collection":[{"href":"https:\/\/www.pohjois-suomenensiapukoulutusoy.fi\/index.php\/wp-json\/wp\/v2\/pages"}],"about":[{"href":"https:\/\/www.pohjois-suomenensiapukoulutusoy.fi\/index.php\/wp-json\/wp\/v2\/types\/page"}],"author":[{"embeddable":true,"href":"https:\/\/www.pohjois-suomenensiapukoulutusoy.fi\/index.php\/wp-json\/wp\/v2\/users\/1"}],"replies":[{"embeddable":true,"href":"https:\/\/www.pohjois-suomenensiapukoulutusoy.fi\/index.php\/wp-json\/wp\/v2\/comments?post=51"}],"version-history":[{"count":20,"href":"https:\/\/www.pohjois-suomenensiapukoulutusoy.fi\/index.php\/wp-json\/wp\/v2\/pages\/51\/revisions"}],"predecessor-version":[{"id":232,"href":"https:\/\/www.pohjois-suomenensiapukoulutusoy.fi\/index.php\/wp-json\/wp\/v2\/pages\/51\/revisions\/232"}],"wp:attachment":[{"href":"https:\/\/www.pohjois-suomenensiapukoulutusoy.fi\/index.php\/wp-json\/wp\/v2\/media?parent=51"}],"curies":[{"name":"wp","href":"https:\/\/api.w.org\/{rel}","templated":true}]}}